{"id":1326,"date":"2017-04-15T15:49:02","date_gmt":"2017-04-15T13:49:02","guid":{"rendered":"http:\/\/www2.mathnique.com\/site\/?page_id=1326"},"modified":"2017-04-15T16:04:01","modified_gmt":"2017-04-15T14:04:01","slug":"algorithmes-gcd","status":"publish","type":"page","link":"https:\/\/www.mathnique.com\/site\/algorithmes-gcd\/","title":{"rendered":"Algorithmes Pgcd"},"content":{"rendered":"<p><span style=\"color: #ff0000;\"><b>Algorithme 1 : L'Algorithme d'EUCLIDE<\/b>\u00a0<\/span><\/p>\n<p><b>$a$ et $b$ \u00e9tant des entiers naturels non nuls.<br \/>\nOn sait qu'il existe des entiers naturels $q$ et $r$ tels que $a = b q + r$ o\u00f9 $0 \\leq r &lt; b$<br \/>\n<\/b><b>L'on a ainsi effectu\u00e9 la division euclidienne de $a$ par $b$.<br \/>\n<\/b><b>$q$ s'appelle le quotient de la division euclidienne.<\/b><b>\u00a0Dans le tableur Excel, $q$ s'obtient par $ent(a,b)$ $<\/b><b>r$ s'appelle le reste de la division euclidienne.\u00a0Dans le tableur Excel, $r$ s'obtient par $mod(a,b)$<\/b><\/p>\n<p><b>Le PGCD de deux nombres est le dernier reste non nul de la succession de divisions que l'on effectue dans l'algorithme d'Euclide.\u00a0<\/b><\/p>\n<p><b>\u00a0 <\/b><b>Voici une feuille de calcul Excel r\u00e9alisant cet algorithme :<\/b><\/p>\n<p><b><img loading=\"lazy\" decoding=\"async\" class=\"size-medium wp-image-1331 aligncenter\" src=\"http:\/\/www2.mathnique.com\/site\/wp-content\/uploads\/2017\/04\/pgcd1-300x212.png\" alt=\"\" width=\"300\" height=\"212\" srcset=\"https:\/\/www.mathnique.com\/site\/wp-content\/uploads\/2017\/04\/pgcd1-300x212.png 300w, https:\/\/www.mathnique.com\/site\/wp-content\/uploads\/2017\/04\/pgcd1-768x542.png 768w, https:\/\/www.mathnique.com\/site\/wp-content\/uploads\/2017\/04\/pgcd1-1024x722.png 1024w, https:\/\/www.mathnique.com\/site\/wp-content\/uploads\/2017\/04\/pgcd1-1200x846.png 1200w\" sizes=\"auto, (max-width: 300px) 85vw, 300px\" \/><br \/>\nVoici les formules utilis\u00e9es dans cette feuille :<\/b><\/p>\n<p><img loading=\"lazy\" decoding=\"async\" class=\"alignnone  wp-image-1332\" src=\"http:\/\/www2.mathnique.com\/site\/wp-content\/uploads\/2017\/04\/pgcd2-300x209.png\" alt=\"\" width=\"742\" height=\"517\" srcset=\"https:\/\/www.mathnique.com\/site\/wp-content\/uploads\/2017\/04\/pgcd2-300x209.png 300w, https:\/\/www.mathnique.com\/site\/wp-content\/uploads\/2017\/04\/pgcd2-768x536.png 768w, https:\/\/www.mathnique.com\/site\/wp-content\/uploads\/2017\/04\/pgcd2-1024x715.png 1024w, https:\/\/www.mathnique.com\/site\/wp-content\/uploads\/2017\/04\/pgcd2-1200x838.png 1200w\" sizes=\"auto, (max-width: 742px) 85vw, 742px\" \/><\/p>\n<p><span style=\"color: #ff0000;\"><b>Algorithme 2 : L'algorithme de la diff\u00e9rence<\/b>\u00a0<\/span><\/p>\n<p><b>Il est bas\u00e9 sur la propri\u00e9t\u00e9 suivante :<\/b><\/p>\n<p><b>Soient $a$ et $b$ des entiers naturels non nuls avec $a &gt; b$. Alors le PGCD de $a$ et de $b$ est \u00e9gal au PGCD de $b$ et de $a - b$<\/b><\/p>\n<table cellspacing=\"0\" cellpadding=\"0\">\n<tbody>\n<tr>\n<td valign=\"middle\">\n<p style=\"text-align: center;\">d = pgcd(810 ; 450)<\/p>\n<\/td>\n<td valign=\"middle\">\n<p style=\"text-align: center;\">810 - 450 = 360<\/p>\n<\/td>\n<\/tr>\n<tr>\n<td valign=\"middle\">\n<p style=\"text-align: center;\">d = pgcd(450 ; 360)<\/p>\n<\/td>\n<td valign=\"middle\">\n<p style=\"text-align: center;\">450 - 360 = 90<\/p>\n<\/td>\n<\/tr>\n<tr>\n<td valign=\"middle\">\n<p style=\"text-align: center;\">d = pgcd(360 ; 90 )<\/p>\n<\/td>\n<td valign=\"middle\">\n<p style=\"text-align: center;\">360 - 90 = 270<\/p>\n<\/td>\n<\/tr>\n<tr>\n<td valign=\"middle\">\n<p style=\"text-align: center;\">d = pgcd(90 ; 270) = pgcd(270 ; 90)<\/p>\n<\/td>\n<td valign=\"middle\">\n<p style=\"text-align: center;\">270 - 90 = 180<\/p>\n<\/td>\n<\/tr>\n<tr>\n<td valign=\"middle\">\n<p style=\"text-align: center;\">d = pgcd(90 ; 180) = pgcd(180 ; 90)<\/p>\n<\/td>\n<td valign=\"middle\">\n<p style=\"text-align: center;\">180 - 90 = 90<\/p>\n<\/td>\n<\/tr>\n<tr>\n<td valign=\"middle\">\n<p style=\"text-align: center;\">d = pgcd(90 ; 90)<\/p>\n<\/td>\n<td valign=\"middle\">\n<p style=\"text-align: center;\">90 - 90 = 0<\/p>\n<\/td>\n<\/tr>\n<tr>\n<td valign=\"middle\">\n<p style=\"text-align: center;\"><b>le pgcd est donc 90<\/b><\/p>\n<\/td>\n<td valign=\"middle\"><\/td>\n<\/tr>\n<tr>\n<td valign=\"middle\"><\/td>\n<td valign=\"middle\"><\/td>\n<\/tr>\n<\/tbody>\n<\/table>\n<p><b>La feuille de calcul suivante utilise cet algorithme :<\/b><\/p>\n<p><img loading=\"lazy\" decoding=\"async\" class=\"size-medium wp-image-1333 aligncenter\" src=\"http:\/\/www2.mathnique.com\/site\/wp-content\/uploads\/2017\/04\/pgcd3-300x209.png\" alt=\"\" width=\"300\" height=\"209\" srcset=\"https:\/\/www.mathnique.com\/site\/wp-content\/uploads\/2017\/04\/pgcd3-300x209.png 300w, https:\/\/www.mathnique.com\/site\/wp-content\/uploads\/2017\/04\/pgcd3-768x535.png 768w, https:\/\/www.mathnique.com\/site\/wp-content\/uploads\/2017\/04\/pgcd3-1024x713.png 1024w, https:\/\/www.mathnique.com\/site\/wp-content\/uploads\/2017\/04\/pgcd3-1200x835.png 1200w\" sizes=\"auto, (max-width: 300px) 85vw, 300px\" \/><\/p>\n<p><b>Voici les formules utilis\u00e9es dans cette feuille :<\/b><\/p>\n<p><img loading=\"lazy\" decoding=\"async\" class=\" wp-image-1334 aligncenter\" src=\"http:\/\/www2.mathnique.com\/site\/wp-content\/uploads\/2017\/04\/pgcd4-300x216.png\" alt=\"\" width=\"474\" height=\"341\" srcset=\"https:\/\/www.mathnique.com\/site\/wp-content\/uploads\/2017\/04\/pgcd4-300x216.png 300w, https:\/\/www.mathnique.com\/site\/wp-content\/uploads\/2017\/04\/pgcd4-768x552.png 768w, https:\/\/www.mathnique.com\/site\/wp-content\/uploads\/2017\/04\/pgcd4-1024x736.png 1024w, https:\/\/www.mathnique.com\/site\/wp-content\/uploads\/2017\/04\/pgcd4-1200x862.png 1200w\" sizes=\"auto, (max-width: 474px) 85vw, 474px\" \/><\/p>\n<p><b>On peut am\u00e9liorer cette feuille en remarquant que d\u00e8s que b est \u00e9gal \u00e0 1 alors le pgcd est a<\/b><br \/>\n<strong><em><span style=\"color: #ff0000;\">Auteur : Christian CYRILLE Groupe IREM Kabrit Bwa<\/span><\/em><\/strong><\/p>\n","protected":false},"excerpt":{"rendered":"<p>Algorithme 1 : L'Algorithme d'EUCLIDE\u00a0 $a$ et $b$ \u00e9tant des entiers naturels non nuls. On sait qu'il existe des entiers naturels $q$ et $r$ tels que $a = b q + r$ o\u00f9 $0 \\leq r &lt; b$ L'on a ainsi effectu\u00e9 la division euclidienne de $a$ par $b$. $q$ s'appelle le quotient de la &hellip; <a href=\"https:\/\/www.mathnique.com\/site\/algorithmes-gcd\/\" class=\"more-link\">Continuer la lecture<span class=\"screen-reader-text\"> de &laquo;&nbsp;Algorithmes Pgcd&nbsp;&raquo;<\/span><\/a><\/p>\n","protected":false},"author":1,"featured_media":0,"parent":0,"menu_order":0,"comment_status":"closed","ping_status":"closed","template":"","meta":{"_monsterinsights_skip_tracking":false,"_monsterinsights_sitenote_active":false,"_monsterinsights_sitenote_note":"","_monsterinsights_sitenote_category":0,"footnotes":""},"class_list":["post-1326","page","type-page","status-publish","hentry"],"_links":{"self":[{"href":"https:\/\/www.mathnique.com\/site\/wp-json\/wp\/v2\/pages\/1326","targetHints":{"allow":["GET"]}}],"collection":[{"href":"https:\/\/www.mathnique.com\/site\/wp-json\/wp\/v2\/pages"}],"about":[{"href":"https:\/\/www.mathnique.com\/site\/wp-json\/wp\/v2\/types\/page"}],"author":[{"embeddable":true,"href":"https:\/\/www.mathnique.com\/site\/wp-json\/wp\/v2\/users\/1"}],"replies":[{"embeddable":true,"href":"https:\/\/www.mathnique.com\/site\/wp-json\/wp\/v2\/comments?post=1326"}],"version-history":[{"count":5,"href":"https:\/\/www.mathnique.com\/site\/wp-json\/wp\/v2\/pages\/1326\/revisions"}],"predecessor-version":[{"id":1335,"href":"https:\/\/www.mathnique.com\/site\/wp-json\/wp\/v2\/pages\/1326\/revisions\/1335"}],"wp:attachment":[{"href":"https:\/\/www.mathnique.com\/site\/wp-json\/wp\/v2\/media?parent=1326"}],"curies":[{"name":"wp","href":"https:\/\/api.w.org\/{rel}","templated":true}]}}