{"id":2095,"date":"2017-08-07T23:08:30","date_gmt":"2017-08-07T21:08:30","guid":{"rendered":"http:\/\/www.mathnique.com\/site\/?page_id=2095"},"modified":"2021-03-04T22:23:42","modified_gmt":"2021-03-04T21:23:42","slug":"mathematiques-et-litterature","status":"publish","type":"page","link":"https:\/\/www.mathnique.com\/site\/mathematiques-et-litterature\/","title":{"rendered":"Math\u00e9matiques et Litt\u00e9rature"},"content":{"rendered":"<ul>\n<li><strong><span style=\"color: #ff0000;\">Citations<\/span><\/strong> :<\/li>\n<li><strong><span style=\"color: #ff0000;\">Po\u00e8mes<\/span><\/strong>\n<ul>\n<li><strong><span style=\"color: #ff0000;\"><em>Boris VIAN (1020- 1959)<br \/>\n<img loading=\"lazy\" decoding=\"async\" class=\"size-medium wp-image-2100 aligncenter\" src=\"http:\/\/www.mathnique.com\/site\/wp-content\/uploads\/2017\/08\/borisvian-211x300.png\" alt=\"\" width=\"211\" height=\"300\" srcset=\"https:\/\/www.mathnique.com\/site\/wp-content\/uploads\/2017\/08\/borisvian-211x300.png 211w, https:\/\/www.mathnique.com\/site\/wp-content\/uploads\/2017\/08\/borisvian.png 262w\" sizes=\"auto, (max-width: 211px) 85vw, 211px\" \/>\u00a0Racine carr\u00e9e $\\sqrt{}$ - Recueil En avant la zizique<\/em><\/span><\/strong> :<br \/>\nIl y'a des racines de tout' les formes.<br \/>\nDes pointues, des rond' et des difformes<br \/>\nCel' de la guimauve est ang\u00e9lique<br \/>\nIl y a une Racin' qui est classique<br \/>\nEt la mandragore est diabolique<br \/>\nM\u00eam' s'il nous bassin' on n'y peut plus rien<br \/>\n<span style=\"color: #ff0000;\">Mais la racine que j'adore\u00a0<\/span><br \/>\n<span style=\"color: #ff0000;\">Et qu'on extrait sans effort-eu<\/span><br \/>\n<span style=\"color: #ff0000;\">La racine carr\u00e9e est ma pr\u00e9f\u00e9r\u00e9e<\/span><br \/>\nUne racine qu'a un aspect louche<br \/>\nC'est cell' de l'arbre de couche<br \/>\nLe drogu\u00e9 vend son \u00e2me<br \/>\nPour cell' de l'arbre \u00e0 cames<br \/>\nSi la racine du manioc a<br \/>\nDe quoi fair' du tapioca<br \/>\nEvitons tout' not\" vie<br \/>\n(de bouffer) celle du pissenlit<br \/>\nIl y a des racin' qui s' vend' en bottes<br \/>\nLe radis, l' navet ou la carotte<br \/>\nVous connaissez celle de la bruy\u00e8re<br \/>\nDans laquelle' on taille des pi' en terre<br \/>\nIl y a la racin' de canne \u00e0 p\u00eache<br \/>\nCultivez la donc, qu'est-ce qui vous emp\u00eache ?<br \/>\n<span style=\"color: #ff0000;\">Mais la racine que j'adore\u00a0<\/span><br \/>\n<span style=\"color: #ff0000;\">Et qu'on extrait sans effort-eu<\/span><br \/>\n<span style=\"color: #ff0000;\">La racine carr\u00e9e est ma pr\u00e9f\u00e9r\u00e9e.<br \/>\n<\/span><em>(Source : Hypercube Maths et Malices n\u00b014 Octobre 1996)<\/em><\/li>\n<li><strong><span style=\"color: #ff0000;\">Eug\u00e8ne Guillevic(1907 Carnac - 1997 \u00a0Paris)<\/span><\/strong><br \/>\n<img loading=\"lazy\" decoding=\"async\" class=\"size-medium wp-image-3050 aligncenter\" src=\"http:\/\/www.mathnique.com\/site\/wp-content\/uploads\/2020\/03\/eugeneguillevic-300x236.png\" alt=\"\" width=\"300\" height=\"236\" srcset=\"https:\/\/www.mathnique.com\/site\/wp-content\/uploads\/2020\/03\/eugeneguillevic-300x236.png 300w, https:\/\/www.mathnique.com\/site\/wp-content\/uploads\/2020\/03\/eugeneguillevic.png 460w\" sizes=\"auto, (max-width: 300px) 85vw, 300px\" \/><br \/>\nIl publie, pendant l'occupation, en 1942 son premier recueil de po\u00e8mes <strong>\"Terraqu\u00e9\".<\/strong><br \/>\nEn 1967 il publie <strong>\"Euclidiennes\"<\/strong> un ouvrage enti\u00e8rement consacr\u00e9 \u00e0 la g\u00e9om\u00e9trie.<br \/>\nVoici deux po\u00e8mes de Guillevic :<\/p>\n<ul>\n<li><em><strong><span style=\"color: #ff0000;\">Droite<br \/>\n<\/span><\/strong><\/em><img loading=\"lazy\" decoding=\"async\" class=\"size-medium wp-image-3053 aligncenter\" src=\"http:\/\/www.mathnique.com\/site\/wp-content\/uploads\/2020\/03\/droite-300x155.png\" alt=\"\" width=\"300\" height=\"155\" srcset=\"https:\/\/www.mathnique.com\/site\/wp-content\/uploads\/2020\/03\/droite-300x155.png 300w, https:\/\/www.mathnique.com\/site\/wp-content\/uploads\/2020\/03\/droite.png 520w\" sizes=\"auto, (max-width: 300px) 85vw, 300px\" \/><em>Au moins pour toi<\/em><br \/>\n<em>pas de probl\u00e8me.<\/em><br \/>\n<em>Tu te crois t'engendrer de toi-m\u00eame<\/em><br \/>\n<em>A chaque endroit qui est de toi,<\/em><br \/>\n<em>Au risque d'oublier<\/em><br \/>\n<em>Que tu as du passer<\/em><br \/>\n<em>Probablement au m\u00eame endroit.<\/em><br \/>\n<em>Ne sachant m\u00eame pas\u00a0<\/em><br \/>\n<em>Que tu fais deux parties\u00a0<\/em><br \/>\n<em>De ce que tu traverses,<\/em><br \/>\n<em>Tu vas sans rien apprendre<\/em><br \/>\n<em>Et sans jamais donner.<\/em><\/li>\n<li><em><span style=\"color: #ff0000;\"><strong>Tangente<br \/>\n<\/strong><\/span><\/em><img loading=\"lazy\" decoding=\"async\" class=\"size-medium wp-image-3052 aligncenter\" src=\"http:\/\/www.mathnique.com\/site\/wp-content\/uploads\/2020\/03\/tangente-300x277.png\" alt=\"\" width=\"300\" height=\"277\" srcset=\"https:\/\/www.mathnique.com\/site\/wp-content\/uploads\/2020\/03\/tangente-300x277.png 300w, https:\/\/www.mathnique.com\/site\/wp-content\/uploads\/2020\/03\/tangente.png 386w\" sizes=\"auto, (max-width: 300px) 85vw, 300px\" \/>J<em>e ne toucherai qu'une fois<\/em><br \/>\n<em>et vous saurez que c'est furtif.<\/em><br \/>\n<em>Inutile de m'appeler,<\/em><br \/>\n<em>Tout autant de me rappeler.<br \/>\n<\/em><em>\u00a0Vous aurez grandement le temps<\/em><br \/>\n<em>De vous redire ce moment<\/em><br \/>\n<em>Et d'essayer de vous convaincre<\/em><br \/>\n<em><em>Que nous restons l'un contre l'autre.<\/p>\n<p><\/em><\/em><\/li>\n<li>Des \u00e9l\u00e8ves de 5\u00e8me 1 du Coll\u00e8ge \"Saut du Li\u00e8vre\" de BISCHWILLER (Haut Rhin) sous la direction de leur professeur Marie Christine WEIBEL ont r\u00e9alis\u00e9 aussi des po\u00e8mes \u00e0 la mani\u00e8re de Guillevic.\n<ul>\n<li><em><strong><span style=\"color: #ff0000;\">Cylindre<br \/>\n<\/span><\/strong><\/em><img loading=\"lazy\" decoding=\"async\" class=\"size-medium wp-image-3054 aligncenter\" src=\"http:\/\/www.mathnique.com\/site\/wp-content\/uploads\/2020\/03\/cylindre-300x291.png\" alt=\"\" width=\"300\" height=\"291\" srcset=\"https:\/\/www.mathnique.com\/site\/wp-content\/uploads\/2020\/03\/cylindre-300x291.png 300w, https:\/\/www.mathnique.com\/site\/wp-content\/uploads\/2020\/03\/cylindre.png 390w\" sizes=\"auto, (max-width: 300px) 85vw, 300px\" \/><em>Une colonie de cercles<\/em><br \/>\n<em>Bien pr\u00e9tentieux<\/em><br \/>\n<em>Voulant \u00eatre chacun<\/em><br \/>\n<em>le plus grand.<\/em><br \/>\n<em>Ils se superpos\u00e8rent\u00a0<\/em><br \/>\n<em>Pour le savoir.<\/em><br \/>\n<em>Et rest\u00e8rent comme cela<\/em><br \/>\n<em>A jamais<\/em><br \/>\n<em>Pour former un cylindre.<br \/>\n<\/em><br \/>\n<strong>BAGUR Michel (5\u00e8me 1)<\/strong><\/li>\n<li><strong><em><span style=\"color: #ff0000;\">Parall\u00e8logramme<br \/>\n<\/span><\/em><\/strong><img loading=\"lazy\" decoding=\"async\" class=\"size-medium wp-image-3055 aligncenter\" src=\"http:\/\/www.mathnique.com\/site\/wp-content\/uploads\/2020\/03\/parallelogramme-300x146.png\" alt=\"\" width=\"300\" height=\"146\" srcset=\"https:\/\/www.mathnique.com\/site\/wp-content\/uploads\/2020\/03\/parallelogramme-300x146.png 300w, https:\/\/www.mathnique.com\/site\/wp-content\/uploads\/2020\/03\/parallelogramme.png 472w\" sizes=\"auto, (max-width: 300px) 85vw, 300px\" \/><em>Je suis un rectangle<\/em><br \/>\n<em>Las de ma forme<\/em><br \/>\n<em>Je souhaite me transformer.<\/em><br \/>\n<em>Je demande \u00e0 mon copain<\/em><br \/>\n<em>De tirer sur son angle<\/em><br \/>\n<em>Droit sup\u00e9rieur.<\/em><br \/>\n<em>A mon \u00e9tonnement,<\/em><br \/>\n<em>Je me retrouve transform\u00e9<\/em><br \/>\n<em>en un tr\u00e8s joli parall\u00e9logramme.<br \/>\n<\/em><br \/>\n<strong><strong>BERNBACH M\u00e9lanie (5\u00e8me 1)<\/strong><\/strong><\/li>\n<li><span style=\"color: #ff0000;\"><em><strong>Etoile<br \/>\n<\/strong><\/em><\/span><img loading=\"lazy\" decoding=\"async\" class=\" wp-image-3056 aligncenter\" src=\"http:\/\/www.mathnique.com\/site\/wp-content\/uploads\/2020\/03\/etoile6-259x300.png\" alt=\"\" width=\"168\" height=\"195\" srcset=\"https:\/\/www.mathnique.com\/site\/wp-content\/uploads\/2020\/03\/etoile6-259x300.png 259w, https:\/\/www.mathnique.com\/site\/wp-content\/uploads\/2020\/03\/etoile6.png 508w\" sizes=\"auto, (max-width: 168px) 85vw, 168px\" \/><br \/>\n<em>Tu n'es ni la lune, ni le soleil.<\/em><br \/>\n<em>Tu scintilles dans la nuit d'\u00e9t\u00e9,<\/em><br \/>\n<em>Avec tes six branches<\/em><br \/>\n<em>Qui ressemblent \u00e0 des triangles,<\/em><br \/>\n<em>Et ton cercle circonscrit<\/em><br \/>\n<em>Qui effleure tes sommets.<\/em><strong><br \/>\nHUBER Carine (5\u00e8me 1)<\/strong><\/li>\n<li><em><strong><span style=\"color: #ff0000;\">Carr\u00e9<br \/>\n<\/span><\/strong><\/em><img loading=\"lazy\" decoding=\"async\" class=\" wp-image-3057 aligncenter\" src=\"http:\/\/www.mathnique.com\/site\/wp-content\/uploads\/2020\/03\/carre2-300x286.png\" alt=\"\" width=\"193\" height=\"184\" srcset=\"https:\/\/www.mathnique.com\/site\/wp-content\/uploads\/2020\/03\/carre2-300x286.png 300w, https:\/\/www.mathnique.com\/site\/wp-content\/uploads\/2020\/03\/carre2.png 302w\" sizes=\"auto, (max-width: 193px) 85vw, 193px\" \/><br \/>\n<em>Un rectangle, le plus petit,<\/em><br \/>\n<em>Qui s'est fait r\u00e9tr\u00e9cir.<\/em><br \/>\n<em>Avec tout plein de couleurs,<\/em><br \/>\n<em>D'angles droits et de diagonales.<\/em><br \/>\n<em>H\u00e9las, ce petit carr\u00e9 est en pleurs,<\/em><br \/>\n<em>Parce qu'il est le plus petit de sa famille.<\/em><\/p>\n<p><strong>HEITZ Val\u00e9rie (5\u00e8me 1)<\/strong><br \/>\n<strong><em>(Sources : Article Maths et Plume - Hypercube Maths et Malices - Janvier\/F\u00e9vrier 1998)<\/em><\/strong><\/li>\n<li><span style=\"color: #ff0000;\"><strong>Math\u00e9matiques<\/strong><\/span><br \/>\n<em>Quarante enfants dans une salle,<\/em><br \/>\n<em>Le tableau noir et son triangle,<\/em><br \/>\n<em>Un grand cercle h\u00e9sitant et sourd<\/em><br \/>\n<em>Son centre bat comme un tambour.<\/em><\/p>\n<p><em>Des lettres sans mots ni patrie<\/em><br \/>\n<em>Dans une attente endolorie.<\/em><\/p>\n<p><em>Le parapet dur d'un trap\u00e8ze,<\/em><br \/>\n<em>une voix s'\u00e9l\u00e8ve et s'apaise<\/em><br \/>\n<em>Et le probl\u00e8me furieux<\/em><br \/>\n<em>Se tortille et se mord la queue.<\/em><\/p>\n<p><em>La m\u00e2choire d'un aigle s'ouvre.<\/em><br \/>\n<em>Est-ce une chienne ? Est-ce une louve ?<\/em><\/p>\n<p><em>Et tous les chiffres de la terre,<\/em><br \/>\n<em>Tous ces insectes qui d\u00e9font<\/em><br \/>\n<em>Et qui refont leur fourmili\u00e8re<\/em><br \/>\n<em>Sous les yeux fixes des gar\u00e7ons.<\/p>\n<p><\/em><strong>Jules SUPERVIELLE, Gravitations, Ed Gallimard, 1925<\/strong>.<\/li>\n<\/ul>\n<\/li>\n<li><strong><span style=\"color: #ff0000;\">Des sommets et des math\u00e9matiques<br \/>\n<\/span><\/strong><span style=\"color: #ff0000;\"><span style=\"color: #000000;\">Oh! la g\u00e9om\u00e9trie ! Affreux r\u00e9frig\u00e9rant !<\/span><\/span><span style=\"color: #ff0000;\"><br \/>\n<span style=\"color: #000000;\">Comme l'aile des vers au triangle se prend !<\/span><br \/>\n<span style=\"color: #000000;\">Comme le pauvre essor du po\u00e8te s'apaise<\/span><br \/>\n<span style=\"color: #000000;\">Devant le poly\u00e8dre et meurt dans le trap\u00e8ze !<\/span><br \/>\n<span style=\"color: #000000;\">Sous l'alg\u00e8bre et le spleen comment ne pas plier ?<\/span><br \/>\n<span style=\"color: #000000;\">Que de fois j'ai maudit, quand j'\u00e9tais \u00e9colier,<br \/>\nLes x et les y, et la stupeur qu'engendre<br \/>\nBiot multipli\u00e9 par Bezout et Legendre.<\/p>\n<p><strong>Victor HUGO<\/strong>.<\/p>\n<p><\/span><\/span><\/li>\n<li><span style=\"color: #ff0000;\"><strong>Le point qui veut se faire aussi gros que le cercle.<\/strong><\/span><br \/>\n<em>Un point vit un cercle<\/em><br \/>\n<em>Qui lui sembla de beau diam\u00e8tre<\/em><br \/>\n<em>Lui qui n'\u00e9tait pas gros en tout comme un oeuf,<\/em><br \/>\n<em>envieux, s'\u00e9tend et s'enfle , et se travaille<\/em><br \/>\n<em>Pour \u00e9galer la figure en rayon,<\/em><br \/>\n<em>Disant :\"Regarde bien mon fr\u00e8re :<\/em><br \/>\n<em>est-ce-ce assez ? Dites-moi : n'y suis-je point encore ?<\/em><br \/>\n<em>- Nenni - M'y voici donc ? - Point du tout - M'y voil\u00e0 ?<\/em><br \/>\n<em>- Vous n'en approchez point . \"<\/em><br \/>\n<em>Le ch\u00e9tif p\u00e9core\u00a0<\/em><br \/>\n<em>S'enfla si bien qu'il en creva.<\/em><br \/>\n<em>La g\u00e9om\u00e9trie est pleine de points qui ne sont pas plus sages :<\/em><br \/>\n<em>Tout segment veut b\u00e2tir comme les droites,<\/em><br \/>\n<em>Tout petit triangle a ses m\u00e9dianes,<\/em><br \/>\n<em>Tout carr\u00e9 veut avoir ses hauteurs.<\/em><\/p>\n<p><strong>B\u00e9renger VILLAT - 4\u00e8me Coll\u00e8ge Aix en Othe<\/strong><\/li>\n<\/ul>\n<\/li>\n<\/ul>\n<\/li>\n<\/ul>\n","protected":false},"excerpt":{"rendered":"<p>Citations : Po\u00e8mes Boris VIAN (1020- 1959) \u00a0Racine carr\u00e9e $\\sqrt{}$ - Recueil En avant la zizique : Il y'a des racines de tout' les formes. Des pointues, des rond' et des difformes Cel' de la guimauve est ang\u00e9lique Il y a une Racin' qui est classique Et la mandragore est diabolique M\u00eam' s'il nous bassin' &hellip; <a href=\"https:\/\/www.mathnique.com\/site\/mathematiques-et-litterature\/\" class=\"more-link\">Continuer la lecture<span class=\"screen-reader-text\"> de &laquo;&nbsp;Math\u00e9matiques et Litt\u00e9rature&nbsp;&raquo;<\/span><\/a><\/p>\n","protected":false},"author":1,"featured_media":0,"parent":0,"menu_order":0,"comment_status":"closed","ping_status":"closed","template":"","meta":{"_monsterinsights_skip_tracking":false,"_monsterinsights_sitenote_active":false,"_monsterinsights_sitenote_note":"","_monsterinsights_sitenote_category":0,"footnotes":""},"class_list":["post-2095","page","type-page","status-publish","hentry"],"_links":{"self":[{"href":"https:\/\/www.mathnique.com\/site\/wp-json\/wp\/v2\/pages\/2095","targetHints":{"allow":["GET"]}}],"collection":[{"href":"https:\/\/www.mathnique.com\/site\/wp-json\/wp\/v2\/pages"}],"about":[{"href":"https:\/\/www.mathnique.com\/site\/wp-json\/wp\/v2\/types\/page"}],"author":[{"embeddable":true,"href":"https:\/\/www.mathnique.com\/site\/wp-json\/wp\/v2\/users\/1"}],"replies":[{"embeddable":true,"href":"https:\/\/www.mathnique.com\/site\/wp-json\/wp\/v2\/comments?post=2095"}],"version-history":[{"count":10,"href":"https:\/\/www.mathnique.com\/site\/wp-json\/wp\/v2\/pages\/2095\/revisions"}],"predecessor-version":[{"id":3428,"href":"https:\/\/www.mathnique.com\/site\/wp-json\/wp\/v2\/pages\/2095\/revisions\/3428"}],"wp:attachment":[{"href":"https:\/\/www.mathnique.com\/site\/wp-json\/wp\/v2\/media?parent=2095"}],"curies":[{"name":"wp","href":"https:\/\/api.w.org\/{rel}","templated":true}]}}