{"id":256,"date":"2017-02-06T20:43:03","date_gmt":"2017-02-06T19:43:03","guid":{"rendered":"http:\/\/www2.mathnique.com\/site\/?page_id=256"},"modified":"2017-12-20T14:53:13","modified_gmt":"2017-12-20T13:53:13","slug":"internet","status":"publish","type":"page","link":"https:\/\/www.mathnique.com\/site\/internet\/","title":{"rendered":"Internet"},"content":{"rendered":"<ul>\n<li><strong><span style=\"color: #ff0000;\">D\u00e9finition d'Internet :<\/span><\/strong><br \/>\nInternet est un r\u00e9seau de r\u00e9seau d'ordinateurs.<br \/>\nCe r\u00e9seau propose plusieurs services accessibles gr\u00e2ce \u00e0 diff\u00e9rents logiciels :<br \/>\n- La navigation sur des pages Web<br \/>\n- le courrier \u00e9lectronique (ou mail)<br \/>\n- la participation \u00e0 des discussions de groupes (forums, newsgroup, news) sur des<br \/>\nth\u00e8mes choisis<br \/>\n- des conversations en temps r\u00e9el (Skype, vid\u00e9oconf\u00e9rence,...)<br \/>\n- La possibilit\u00e9 d'ouvrir une session \u00a0de travail \u00a0sur un ordinateur distant (Telnet, ...)<\/li>\n<\/ul>\n<p><img loading=\"lazy\" decoding=\"async\" class=\"size-medium wp-image-1522 aligncenter\" src=\"http:\/\/www2.mathnique.com\/site\/wp-content\/uploads\/2017\/02\/cableamericas3-300x247.png\" alt=\"\" width=\"300\" height=\"247\" srcset=\"https:\/\/www.mathnique.com\/site\/wp-content\/uploads\/2017\/02\/cableamericas3-300x247.png 300w, https:\/\/www.mathnique.com\/site\/wp-content\/uploads\/2017\/02\/cableamericas3-768x633.png 768w, https:\/\/www.mathnique.com\/site\/wp-content\/uploads\/2017\/02\/cableamericas3.png 796w\" sizes=\"auto, (max-width: 300px) 85vw, 300px\" \/><\/p>\n<ul>\n<li><strong><span style=\"color: #ff0000;\">Historique<\/span> <\/strong>:<br \/>\n- 1969 : Le d\u00e9partement am\u00e9ricain de la D\u00e9fense (DOD) d\u00e9cide de construire un r\u00e9seau appel\u00e9 ARPANET.<br \/>\nD'apr\u00e8s la l\u00e9gende, le but est de pouvoir r\u00e9sister \u00e0 une guerre nucl\u00e9aire, \u00e0 des sabotages etc ... , afin de pallier \u00e0 la centralisation excessive des infrastructures existantes.<br \/>\nUne dizaine de sites sont connect\u00e9s par un r\u00e9seau maill\u00e9, non hi\u00e9rarchique, bas\u00e9 sur le protocole IP (Internet Protocol).<br \/>\nDes laboratoires de recherche universitaires sont associ\u00e9s \u00e0 ce r\u00e9seau.<br \/>\nLa premi\u00e8re utilisation est la courrier \u00e9lectronique(mail).<br \/>\n- 1972 : ARPANET rassemble une quarantaine d'ordinateurs militaires et universitaires.<br \/>\n- 1979 : En parall\u00e8le, cr\u00e9ation du r\u00e9seau civil USENET utilis\u00e9 pour les discussions th\u00e9matiques(news ou forums).<br \/>\n- 1982 : L'acc\u00e8s au r\u00e9seau est accord\u00e9 gratuitement.<br \/>\n- 1983 : La National Science Fondation (NSF) am\u00e9ricaine, \u00e9quivalent du Minist\u00e8re de la Recherche, finance la mise en r\u00e9seau de 60 universit\u00e9s am\u00e9ricaines et 3 europ\u00e9ennes. Les stations de travail apparaissent.<br \/>\n- 1984 : scission d'ARPANET en MILNET(r\u00e9seau militaire) et INTERNET.<br \/>\nLa NSF prend le relais d'ARPA et assure le d\u00e9veloppement d'Internet qui int\u00e8gre le NSFnet.<br \/>\nLa demande de connexion est grande. Internet connecte plus de 1000 syst\u00e8mes.<br \/>\n- 1986 : Le r\u00e9seau est connect\u00e9 sur les lignes publiques de transmission.<br \/>\n- 1989 : EUnet(Europe) et (AUSSInet(Australie) rejoignent NSFnet.<br \/>\nLes entreprises commencent \u00e0 se brancher sur Internet.<br \/>\n- 1991 : Apparition des premiers \"provider\" (fournisseurs d'acc\u00e8s \u00e0 Internet).<br \/>\n- 1992 : Apparition du WWW(Word Wide Web) d\u00e9velopp\u00e9 par le CERN \u00e0 Gen!ve.<br \/>\nIl constitue un moyen simple d'organiser l'information et la navigation sur Internet par des hyperliens en utilisant le format de fichier HTML(Hyper Text Markup Language).<br \/>\n- 1993 : La NSF annonce sa d\u00e9cision de cesser de financer l'ossature centrale d'Internet(10 millions de dollars par an).<br \/>\n- 1995 : Explosion m\u00e9diatique d'Internet en France.<br \/>\nLe Minist\u00e8re de l'Education Nationale lance une exp\u00e9rimentation et connecte de nombreux \u00e9tablissements scolaires.<br \/>\n- 1996 : De plus en plus de logiciels proposent l'enregistrement de fichiers en format html.<\/li>\n<li><\/li>\n<\/ul>\n","protected":false},"excerpt":{"rendered":"<p>D\u00e9finition d'Internet : Internet est un r\u00e9seau de r\u00e9seau d'ordinateurs. Ce r\u00e9seau propose plusieurs services accessibles gr\u00e2ce \u00e0 diff\u00e9rents logiciels : - La navigation sur des pages Web - le courrier \u00e9lectronique (ou mail) - la participation \u00e0 des discussions de groupes (forums, newsgroup, news) sur des th\u00e8mes choisis - des conversations en temps r\u00e9el &hellip; <a href=\"https:\/\/www.mathnique.com\/site\/internet\/\" class=\"more-link\">Continuer la lecture<span class=\"screen-reader-text\"> de &laquo;&nbsp;Internet&nbsp;&raquo;<\/span><\/a><\/p>\n","protected":false},"author":1,"featured_media":0,"parent":0,"menu_order":0,"comment_status":"closed","ping_status":"closed","template":"","meta":{"_monsterinsights_skip_tracking":false,"_monsterinsights_sitenote_active":false,"_monsterinsights_sitenote_note":"","_monsterinsights_sitenote_category":0,"footnotes":""},"class_list":["post-256","page","type-page","status-publish","hentry"],"_links":{"self":[{"href":"https:\/\/www.mathnique.com\/site\/wp-json\/wp\/v2\/pages\/256","targetHints":{"allow":["GET"]}}],"collection":[{"href":"https:\/\/www.mathnique.com\/site\/wp-json\/wp\/v2\/pages"}],"about":[{"href":"https:\/\/www.mathnique.com\/site\/wp-json\/wp\/v2\/types\/page"}],"author":[{"embeddable":true,"href":"https:\/\/www.mathnique.com\/site\/wp-json\/wp\/v2\/users\/1"}],"replies":[{"embeddable":true,"href":"https:\/\/www.mathnique.com\/site\/wp-json\/wp\/v2\/comments?post=256"}],"version-history":[{"count":4,"href":"https:\/\/www.mathnique.com\/site\/wp-json\/wp\/v2\/pages\/256\/revisions"}],"predecessor-version":[{"id":2227,"href":"https:\/\/www.mathnique.com\/site\/wp-json\/wp\/v2\/pages\/256\/revisions\/2227"}],"wp:attachment":[{"href":"https:\/\/www.mathnique.com\/site\/wp-json\/wp\/v2\/media?parent=256"}],"curies":[{"name":"wp","href":"https:\/\/api.w.org\/{rel}","templated":true}]}}