{"id":378,"date":"2017-02-10T14:06:53","date_gmt":"2017-02-10T13:06:53","guid":{"rendered":"http:\/\/www2.mathnique.com\/site\/?page_id=378"},"modified":"2020-11-09T22:41:42","modified_gmt":"2020-11-09T21:41:42","slug":"utilisation-dun-theoreme","status":"publish","type":"page","link":"https:\/\/www.mathnique.com\/site\/utilisation-dun-theoreme\/","title":{"rendered":"Utilisation d'un Th\u00e9or\u00e8me"},"content":{"rendered":"<p><img loading=\"lazy\" decoding=\"async\" class=\"wp-image-1629 aligncenter\" src=\"http:\/\/www.mathnique.com\/site\/wp-content\/uploads\/2017\/03\/travaux3-300x252.png\" alt=\"\" width=\"115\" height=\"97\" srcset=\"https:\/\/www.mathnique.com\/site\/wp-content\/uploads\/2017\/03\/travaux3-300x252.png 300w, https:\/\/www.mathnique.com\/site\/wp-content\/uploads\/2017\/03\/travaux3.png 718w\" sizes=\"auto, (max-width: 115px) 85vw, 115px\" \/><\/p>\n<p><img loading=\"lazy\" decoding=\"async\" class=\"size-full wp-image-9 aligncenter\" src=\"http:\/\/www2.mathnique.com\/site\/wp-content\/uploads\/2017\/01\/kabrit.gif\" alt=\"\" width=\"103\" height=\"126\" \/><\/p>\n<ul>\n<li><span style=\"color: #ff0000;\"><strong>Etape 1 : Choisir le th\u00e9or\u00e8me<\/strong><\/span><br \/>\nIl faut rep\u00e9rer dans la situation propos\u00e9e par l'\u00e9nonc\u00e9 des \u00e9l\u00e9ments qui conduisent \u00e0 penser qu'un certain th\u00e9or\u00e8me du cours peut \u00eatre utile ou adapt\u00e9 \u00e0 la situation.<br \/>\nOn am\u00e9liore cette comp\u00e9tence :<\/p>\n<ul>\n<li>Dans le cas d'un travail sans document en apprenant avec soin son cours et en traitant d'abord des exercices d'application imm\u00e9diate propos\u00e9s par le professeur puis ensuite des exercices d'approfondissement.<\/li>\n<li>Dans le cadre d'un travail avec document en connaissant au moins l'existence des th\u00e9or\u00e8mes du cours.<\/li>\n<\/ul>\n<\/li>\n<li><strong><span style=\"color: #ff0000;\">Etape 2 : Enoncer le th\u00e9or\u00e8me<\/span><\/strong><br \/>\ntel qu'il figure dans le cours<\/li>\n<li><strong><span style=\"color: #ff0000;\">Etape 3 : Appliquer le th\u00e9or\u00e8me<\/span><\/strong><br \/>\nIl faut v\u00e9rifier m\u00e9thodiquement chacune des hypoth\u00e8ses tout en respectant les donn\u00e9es propres \u00e0 l'\u00e9nonc\u00e9.<br \/>\nOn indiquera ensuite le r\u00e9sultat que le th\u00e9or\u00e8me permet d'obtenir.<\/li>\n<\/ul>\n<p><img loading=\"lazy\" decoding=\"async\" class=\"size-full wp-image-366 aligncenter\" src=\"http:\/\/www2.mathnique.com\/site\/wp-content\/uploads\/2017\/02\/oldprof.gif\" alt=\"\" width=\"95\" height=\"90\" \/><\/p>\n<p><em>Dans la r\u00e9daction d'une d\u00e9monstration, l'\u00e9tape 1 n'a pas \u00e0 \u00eatre r\u00e9dig\u00e9e. On peut r\u00e9diger en regroupant les \u00e9tapes 2 et 3.<\/em><\/p>\n<p><span style=\"color: #339966;\"><strong>Exemple 1 (ex 4 \u00e9valuation 2de 2000)<\/strong><\/span><br \/>\nOn consid\u00e8re la figure suivante o\u00f9 :<br \/>\n<img loading=\"lazy\" decoding=\"async\" class=\"size-medium wp-image-715 aligncenter\" src=\"http:\/\/www2.mathnique.com\/site\/wp-content\/uploads\/2017\/02\/eva2de00ex4-300x216.png\" alt=\"\" width=\"300\" height=\"216\" srcset=\"https:\/\/www.mathnique.com\/site\/wp-content\/uploads\/2017\/02\/eva2de00ex4-300x216.png 300w, https:\/\/www.mathnique.com\/site\/wp-content\/uploads\/2017\/02\/eva2de00ex4.png 348w\" sizes=\"auto, (max-width: 300px) 85vw, 300px\" \/><br \/>\n- $ABCD$ est un rectangle.<br \/>\n- les points $A,E$ et $F$ sont align\u00e9s.<br \/>\n- les points $B,C$ et $F$ sont align\u00e9s<br \/>\n- $AE = 5 $<br \/>\n-$EF =4,5$<br \/>\n-$FC =2,7$<br \/>\n1\u00b0) D\u00e9montrer que $EC = 3,6$<br \/>\n2\u00b0) D\u00e9montrer que $DE = 4$<br \/>\n<strong>Corrig\u00e9 :<\/strong><br \/>\n1\u00b0) Consid\u00e9rons le triangle $ECF$ qui par construction est rectangle puisque $ABDC$ est un rectangle.<br \/>\nD'apr\u00e8s le th\u00e9or\u00e8me de Pythagore, on a $EC^2 + CF^2 = EF^2$.<br \/>\nPar cons\u00e9quent, $EC^2 = EF^2 - CF^2$ donc $EC =\\sqrt{EF^2 - CF^2} =\\sqrt{20,25 - 7,29}= \\sqrt{12,96} = 3,6$<br \/>\n2\u00b0) En consid\u00e9rant les triangles $ADE$ et $ECF$ o\u00f9 les droites $(AD)$ et $(FC)$ sont parall\u00e8les, nous sommes dans une situation de Thal\u00e8s-papillon.<br \/>\nPar cons\u00e9quent, $\\dfrac{DE}{EC} = \\dfrac{AE}{EF}$ donc $ED = \\dfrac{EC \\times AE}{EF} = \\dfrac{3,6 \\times 5}{4,5} = 4$<\/p>\n","protected":false},"excerpt":{"rendered":"<p>Etape 1 : Choisir le th\u00e9or\u00e8me Il faut rep\u00e9rer dans la situation propos\u00e9e par l'\u00e9nonc\u00e9 des \u00e9l\u00e9ments qui conduisent \u00e0 penser qu'un certain th\u00e9or\u00e8me du cours peut \u00eatre utile ou adapt\u00e9 \u00e0 la situation. On am\u00e9liore cette comp\u00e9tence : Dans le cas d'un travail sans document en apprenant avec soin son cours et en traitant &hellip; <a href=\"https:\/\/www.mathnique.com\/site\/utilisation-dun-theoreme\/\" class=\"more-link\">Continuer la lecture<span class=\"screen-reader-text\"> de &laquo;&nbsp;Utilisation d'un Th\u00e9or\u00e8me&nbsp;&raquo;<\/span><\/a><\/p>\n","protected":false},"author":1,"featured_media":0,"parent":0,"menu_order":0,"comment_status":"closed","ping_status":"closed","template":"","meta":{"_monsterinsights_skip_tracking":false,"_monsterinsights_sitenote_active":false,"_monsterinsights_sitenote_note":"","_monsterinsights_sitenote_category":0,"footnotes":""},"class_list":["post-378","page","type-page","status-publish","hentry"],"_links":{"self":[{"href":"https:\/\/www.mathnique.com\/site\/wp-json\/wp\/v2\/pages\/378","targetHints":{"allow":["GET"]}}],"collection":[{"href":"https:\/\/www.mathnique.com\/site\/wp-json\/wp\/v2\/pages"}],"about":[{"href":"https:\/\/www.mathnique.com\/site\/wp-json\/wp\/v2\/types\/page"}],"author":[{"embeddable":true,"href":"https:\/\/www.mathnique.com\/site\/wp-json\/wp\/v2\/users\/1"}],"replies":[{"embeddable":true,"href":"https:\/\/www.mathnique.com\/site\/wp-json\/wp\/v2\/comments?post=378"}],"version-history":[{"count":11,"href":"https:\/\/www.mathnique.com\/site\/wp-json\/wp\/v2\/pages\/378\/revisions"}],"predecessor-version":[{"id":3210,"href":"https:\/\/www.mathnique.com\/site\/wp-json\/wp\/v2\/pages\/378\/revisions\/3210"}],"wp:attachment":[{"href":"https:\/\/www.mathnique.com\/site\/wp-json\/wp\/v2\/media?parent=378"}],"curies":[{"name":"wp","href":"https:\/\/api.w.org\/{rel}","templated":true}]}}