{"id":38,"date":"2017-01-29T14:20:58","date_gmt":"2017-01-29T13:20:58","guid":{"rendered":"http:\/\/www2.mathnique.com\/site\/?page_id=38"},"modified":"2025-12-13T20:06:33","modified_gmt":"2025-12-13T19:06:33","slug":"groupe-irem-kabrit-bwa","status":"publish","type":"page","link":"https:\/\/www.mathnique.com\/site\/groupe-irem-kabrit-bwa\/","title":{"rendered":"Groupe IREM Kabrit Bwa"},"content":{"rendered":"<ul>\n<li>Le groupe IREM Kabrit Bwa est un sous groupe de la section Martinique de l'IREM Antilles-Guyane.<\/li>\n<li><img loading=\"lazy\" decoding=\"async\" class=\"alignnone  wp-image-3496 aligncenter\" src=\"http:\/\/www.mathnique.com\/site\/wp-content\/uploads\/2023\/03\/kabrit.gif\" alt=\"\" width=\"172\" height=\"210\" \/><\/li>\n<li>Ce groupe s'est occup\u00e9 essentiellement pendant les ann\u00e9es 1980 \u00e0 2014 de produire des s\u00e9quences p\u00e9dagogiques de math\u00e9matiques utilisant les\u00a0logiciels\u00a0informatiques.<\/li>\n<li>\n<table width=\"517\" cellspacing=\"5\">\n<tbody>\n<tr>\n<td width=\"257\">\n<div align=\"center\"><span style=\"font-size: small;\">Les Membres du groupe<\/span><\/div>\n<div align=\"center\"><span style=\"color: #ff0000;\"><b>KABRIT'BWA<\/b><\/span><\/div>\n<\/td>\n<\/tr>\n<tr>\n<td width=\"257\"><span style=\"font-family: Verdana, Arial, Helvetica, sans-serif; font-size: small;\">Daniel ALPHONSE - Marcel BELLEMAIN - M\u00e9nard BOURGADE - Martine BOURST - Christian CYRILLE - Victor DEVOUE - Casimir FILIN - Armand FLAUN - Tony FRANCIL - Elvire HANNIBAL-CYRILLE - Nicolas GUITTEAUD - Patrick JEAN-BAPTISTE - Ghislaine LOMBARD - Patrick LOMBARD - Mme LOTHAIRE - Aliette MAINGER - Daniel MONTLOUIS-CALIXTE - \u00a0Dominique NAUDIN - Roger NOMIS - Patrick PAILLE - Christine PIERRE-LEANDRE - Serge ROY-LEDOUX - Philippe SAINT-LOUIS - Monique SOLVAR - <\/span><span style=\"font-family: Verdana, Arial, Helvetica, sans-serif; font-size: small;\">Patrick ZOCLY<\/span><span style=\"font-family: Verdana, Arial, Helvetica, sans-serif; font-size: small;\"> - Bruno ZOZOR<\/span><\/td>\n<\/tr>\n<\/tbody>\n<\/table>\n<\/li>\n<li>Voici son ancien site :<br \/>\n<a href=\"http:\/\/structures.ac-martinique.fr\/kabrit\/accgen.htm\">http:\/\/structures.ac-martinique.fr\/kabrit\/accgen.htm<\/a><br \/>\nVous pouvez retrouver toutes ses s\u00e9quences dans le site de mathnique.com aux rubriques\u00a0Maths et TICE<\/li>\n<li>Voici l'adresse de l'ancien site de la section Martinique de l'IREM Antilles Guyane<br \/>\n<img loading=\"lazy\" decoding=\"async\" class=\" wp-image-1398 aligncenter\" src=\"http:\/\/www2.mathnique.com\/site\/wp-content\/uploads\/2017\/01\/logoiremag-300x226.png\" alt=\"\" width=\"157\" height=\"118\" srcset=\"https:\/\/www.mathnique.com\/site\/wp-content\/uploads\/2017\/01\/logoiremag-300x226.png 300w, https:\/\/www.mathnique.com\/site\/wp-content\/uploads\/2017\/01\/logoiremag.png 358w\" sizes=\"auto, (max-width: 157px) 85vw, 157px\" \/>\u00a0<a href=\"http:\/\/structures.ac-martinique.fr\/irem\/accirem.htm\" target=\"_blank\" rel=\"noopener noreferrer\">http:\/\/structures.ac-martinique.fr\/irem\/accirem.htm<\/a><\/li>\n<\/ul>\n","protected":false},"excerpt":{"rendered":"<p>Le groupe IREM Kabrit Bwa est un sous groupe de la section Martinique de l'IREM Antilles-Guyane. Ce groupe s'est occup\u00e9 essentiellement pendant les ann\u00e9es 1980 \u00e0 2014 de produire des s\u00e9quences p\u00e9dagogiques de math\u00e9matiques utilisant les\u00a0logiciels\u00a0informatiques. Les Membres du groupe KABRIT'BWA Daniel ALPHONSE - Marcel BELLEMAIN - M\u00e9nard BOURGADE - Martine BOURST - Christian CYRILLE &hellip; <a href=\"https:\/\/www.mathnique.com\/site\/groupe-irem-kabrit-bwa\/\" class=\"more-link\">Continuer la lecture<span class=\"screen-reader-text\"> de &laquo;&nbsp;Groupe IREM Kabrit Bwa&nbsp;&raquo;<\/span><\/a><\/p>\n","protected":false},"author":1,"featured_media":0,"parent":0,"menu_order":0,"comment_status":"closed","ping_status":"closed","template":"","meta":{"_monsterinsights_skip_tracking":false,"_monsterinsights_sitenote_active":false,"_monsterinsights_sitenote_note":"","_monsterinsights_sitenote_category":0,"footnotes":""},"class_list":["post-38","page","type-page","status-publish","hentry"],"_links":{"self":[{"href":"https:\/\/www.mathnique.com\/site\/wp-json\/wp\/v2\/pages\/38","targetHints":{"allow":["GET"]}}],"collection":[{"href":"https:\/\/www.mathnique.com\/site\/wp-json\/wp\/v2\/pages"}],"about":[{"href":"https:\/\/www.mathnique.com\/site\/wp-json\/wp\/v2\/types\/page"}],"author":[{"embeddable":true,"href":"https:\/\/www.mathnique.com\/site\/wp-json\/wp\/v2\/users\/1"}],"replies":[{"embeddable":true,"href":"https:\/\/www.mathnique.com\/site\/wp-json\/wp\/v2\/comments?post=38"}],"version-history":[{"count":13,"href":"https:\/\/www.mathnique.com\/site\/wp-json\/wp\/v2\/pages\/38\/revisions"}],"predecessor-version":[{"id":3590,"href":"https:\/\/www.mathnique.com\/site\/wp-json\/wp\/v2\/pages\/38\/revisions\/3590"}],"wp:attachment":[{"href":"https:\/\/www.mathnique.com\/site\/wp-json\/wp\/v2\/media?parent=38"}],"curies":[{"name":"wp","href":"https:\/\/api.w.org\/{rel}","templated":true}]}}