{"id":484,"date":"2017-02-27T00:28:20","date_gmt":"2017-02-26T23:28:20","guid":{"rendered":"http:\/\/www2.mathnique.com\/site\/?page_id=484"},"modified":"2019-11-17T23:54:48","modified_gmt":"2019-11-17T22:54:48","slug":"procedures-et-fonctions","status":"publish","type":"page","link":"https:\/\/www.mathnique.com\/site\/procedures-et-fonctions\/","title":{"rendered":"Proc\u00e9dures et fonctions"},"content":{"rendered":"<p>Lors de \u00a0l'analyse descendant pour \u00e9laborer un programme, il est bon de se simplifier la vie en utilisant des sous-programmes.<\/p>\n<p>Il faut distinguer deux types de sous-programmes :<\/p>\n<ul class=\"rich-text editor-rich-text__editable block-editor-rich-text__editable is-selected\" role=\"textbox\" contenteditable=\"true\" aria-multiline=\"true\" aria-label=\"R\u00e9digez une liste\u2026\">\n<li><span style=\"color: #ff0000;\"><strong><em>Sous programmes proc\u00e9dures :<\/em><\/strong><\/span><br data-rich-text-line-break=\"true\" \/>Une proc\u00e9dure est une nouvelle instruction ajout\u00e9e au programme<\/li>\n<li><span style=\"color: #ff0000;\"><strong><em>Sous programmes fonctions<\/em><\/strong><\/span><br data-rich-text-line-break=\"true\" \/>Une fonction ram\u00e8ne un r\u00e9sultat.<\/li>\n<\/ul>\n<p><strong>Pour plus de d\u00e9tails, consulter le chapitre 4 de mon cours personnel :<\/strong><br \/>\n<a href=\"http:\/\/www.mathnique.com\/site\/wp-content\/uploads\/2019\/11\/algodoc.pdf\">algodoc<\/a><br \/>\n<img loading=\"lazy\" decoding=\"async\" class=\"size-full wp-image-2811 aligncenter\" src=\"http:\/\/www.mathnique.com\/site\/wp-content\/uploads\/2019\/11\/prof.jpg\" alt=\"\" width=\"135\" height=\"128\" \/><\/p>\n","protected":false},"excerpt":{"rendered":"<p>Lors de \u00a0l'analyse descendant pour \u00e9laborer un programme, il est bon de se simplifier la vie en utilisant des sous-programmes. Il faut distinguer deux types de sous-programmes : Sous programmes proc\u00e9dures :Une proc\u00e9dure est une nouvelle instruction ajout\u00e9e au programme Sous programmes fonctionsUne fonction ram\u00e8ne un r\u00e9sultat. Pour plus de d\u00e9tails, consulter le chapitre 4 &hellip; <a href=\"https:\/\/www.mathnique.com\/site\/procedures-et-fonctions\/\" class=\"more-link\">Continuer la lecture<span class=\"screen-reader-text\"> de &laquo;&nbsp;Proc\u00e9dures et fonctions&nbsp;&raquo;<\/span><\/a><\/p>\n","protected":false},"author":1,"featured_media":0,"parent":0,"menu_order":0,"comment_status":"closed","ping_status":"closed","template":"","meta":{"_monsterinsights_skip_tracking":false,"_monsterinsights_sitenote_active":false,"_monsterinsights_sitenote_note":"","_monsterinsights_sitenote_category":0,"footnotes":""},"class_list":["post-484","page","type-page","status-publish","hentry"],"_links":{"self":[{"href":"https:\/\/www.mathnique.com\/site\/wp-json\/wp\/v2\/pages\/484","targetHints":{"allow":["GET"]}}],"collection":[{"href":"https:\/\/www.mathnique.com\/site\/wp-json\/wp\/v2\/pages"}],"about":[{"href":"https:\/\/www.mathnique.com\/site\/wp-json\/wp\/v2\/types\/page"}],"author":[{"embeddable":true,"href":"https:\/\/www.mathnique.com\/site\/wp-json\/wp\/v2\/users\/1"}],"replies":[{"embeddable":true,"href":"https:\/\/www.mathnique.com\/site\/wp-json\/wp\/v2\/comments?post=484"}],"version-history":[{"count":4,"href":"https:\/\/www.mathnique.com\/site\/wp-json\/wp\/v2\/pages\/484\/revisions"}],"predecessor-version":[{"id":2821,"href":"https:\/\/www.mathnique.com\/site\/wp-json\/wp\/v2\/pages\/484\/revisions\/2821"}],"wp:attachment":[{"href":"https:\/\/www.mathnique.com\/site\/wp-json\/wp\/v2\/media?parent=484"}],"curies":[{"name":"wp","href":"https:\/\/api.w.org\/{rel}","templated":true}]}}